45
Let m(p) = p**2 - 266*p + 12060. Calculate m(208).
-4
Let t(r) = r**3 + 10*r**2 - 16*r - 54. Calculate t(-9).
171
Let k(d) = -6*d**2 + 96*d - 836. Determine k(9).
-458
Let j(w) = 8*w**2 + 99*w + 245. What is j(-8)?
-35
Let a(u) = u**2 - 84*u + 113. Determine a(7).
-426
Let m(t) = -7115*t + 42685. Determine m(6).
-5
Let d(z) = z**2 - 2*z - 9. Calculate d(-2).
-1
Let p(s) = s**3 + 116*s**2 - 82*s + 3843. Determine p(-117).
-252
Let y(u) = -70*u + 1943. What is y(17)?
753
Let u(z) = z**2 + z - 19. What is u(4)?
1
Let g(q) = -22*q + 916. Calculate g(42).
-8
Let f(p) = -121*p - 475. Give f(-4).
9
Let b(p) = 3*p**3 + 65*p**2 + 17*p - 457. Give b(-21).
68
Let l(y) = 3565*y - 7145. Calculate l(2).
-15
Let i(c) = -2*c**2 - 674*c - 12083. Give i(-19).
1
Let r(q) = -17*q - 94. Give r(14).
-332
Let d(v) = -3*v**2 + 201*v - 750. Give d(63).
6
Let w(v) = 49*v + 590. Calculate w(-12).
2
Let d(f) = -26*f - 650. Determine d(-15).
-260
Let v(j) = 17*j**2 - 513*j + 87. Give v(30).
-3
Let f(h) = h**3 - 21*h**2 + 33*h + 382. Calculate f(18).
4
Let r(v) = -v**3 + 8*v**2 - 22*v + 25. Give r(6).
-35
Let c(u) = -u**3 + 123*u**2 + 422*u - 5540. Determine c(126).
4
Let f(o) = o**3 - 10*o**2 - o - 155. Determine f(0).
-155
Let a(s) = -226*s + 3712. Calculate a(18).
-356
Let n(d) = 7*d**2 - 53*d - 251. Calculate n(-3).
-29
Let p(y) = 4*y + 86. Determine p(-12).
38
Let j(k) = 355*k + 14556. Determine j(-41).
1
Let j(m) = -m**3 + 8*m - 22. Calculate j(3).
-25
Let j(o) = -o**3 - 12*o**2 + 12*o - 28. Give j(3).
-127
Let g(b) = 11565*b - 57810. Determine g(5).
15
Let q(l) = -l**3 + 30*l**2 - 77*l - 87. What is q(27)?
21
Let k(i) = -i**3 + 34*i**2 - 26*i - 304. Determine k(33).
-73
Let j(q) = -8*q**3 + 453*q**2 + 172*q - 49. What is j(57)?
8
Let n(s) = 27*s + 1168. Calculate n(-44).
-20
Let v(g) = 20*g - 390. What is v(20)?
10
Let i(a) = a**3 - 23*a**2 + 78*a + 11. What is i(4)?
19
Let o(i) = -959*i + 4. Calculate o(0).
4
Let u(o) = -o + 145. Determine u(25).
120
Let n(v) = -v**3 + 25*v**2 + 56*v - 72. Determine n(27).
-18
Let y(z) = z**2 + 7*z + 22. What is y(-16)?
166
Let s(u) = -u**2 + 153*u - 3386. Give s(126).
16
Let p(n) = -3*n**3 + 141*n**2 - 5*n + 210. Determine p(47).
-25
Let j(r) = -r + 96. Calculate j(88).
8
Let g(f) = -f**2 - 119*f - 784. Determine g(-7).
0
Let i(h) = h**3 - 55*h**2 + 205*h - 57. Determine i(51).
-6
Let d(k) = -k**3 - 70*k**2 + 136*k - 570. Give d(-72).
6
Let t(p) = -1558*p + 42068. What is t(27)?
2
Let w(l) = l**3 + 17*l**2 - 73*l - 148. Determine w(-20).
112
Let t(o) = o**3 + 7*o**2 + 18*o + 83. What is t(-7)?
-43
Let y(o) = 3*o**2 - 41*o - 9. Calculate y(5).
-139
Let q(c) = -3*c**3 + 14*c**2 + 15*c - 85. Determine q(6).
-139
Let x(h) = 3*h - 190. Calculate x(-17).
-241
Let t(g) = 8*g - 73. Determine t(6).
-25
Let u(c) = 206*c - 643. Give u(3).
-25
Let o(x) = -x**3 - 20*x**2 + 27*x + 45. What is o(-21)?
-81
Let q(c) = 6*c**2 + 137*c - 81. Determine q(-22).
-191
Let p(x) = -3*x**3 - 127*x**2 + 820*x + 190. Determine p(-48).
-2
Let l(b) = 58*b - 756. Determine l(18).
288
Let z(g) = -g**3 - 29*g**2 + 301*g + 174. Give z(-37).
-11
Let j(n) = -18*n + 467. Calculate j(25).
17
Let f(x) = 6*x**3 - 2*x - 2. What is f(3)?
154
Let t(v) = -6*v**2 + 34. Calculate t(-4).
-62
Let l(j) = 642*j + 7582. What is l(-12)?
-122
Let j(v) = -v**3 - 19*v**2 + 16*v + 559. What is j(-19)?
255
Let z(f) = 2*f**3 + 19*f**2 - 41*f + 245. Give z(-12).
17
Let w(k) = 83*k + 7730. Determine w(-93).
11
Let i(h) = 3*h**2 + 125*h - 5377. Give i(-68).
-5
Let c(l) = 3*l**3 + 144*l**2 + 862*l + 17. Give c(-41).
-24
Let r(o) = 296*o - 9788. Give r(33).
-20
Let j(b) = b**2 + 36*b + 69. Calculate j(-32).
-59
Let o(k) = -k**3 + 12*k**2 + 28*k + 123. Give o(14).
123
Let w(a) = -7*a**2 - 24*a - 13. Determine w(-6).
-121
Let w(a) = -80*a + 555. Determine w(7).
-5
Let a(i) = i**3 + 4*i**2 + 8*i + 41. Determine a(-7).
-162
Let r(k) = 4*k**2 + 37*k - 38. Give r(1).
3
Let p(o) = -11*o**3 - 3*o**2 - 9. Calculate p(-4).
647
Let m(w) = -10*w**2 - 131*w - 163. Determine m(-11).
68
Let v(b) = 107*b - 4674. Calculate v(44).
34
Let c(y) = -160*y**2 - 17*y + 16. What is c(1)?
-161
Let g(n) = -21*n + 1121. Calculate g(51).
50
Let p(w) = 729*w - 21. Determine p(0).
-21
Let h(c) = 85*c + 3563. Give h(-42).
-7
Let r(j) = 10*j + 124. What is r(-19)?
-66
Let x(d) = -9*d + 136. Give x(19).
-35
Let m(r) = 5*r + 2. Calculate m(-4).
-18
Let k(v) = -14*v + 92. What is k(6)?
8
Let v(n) = 120*n - 79. Determine v(1).
41
Let c(l) = -l**3 + 17*l**2 - 15*l - 230. Determine c(15).
-5
Let p(t) = -2*t**3 + 8*t**2 + 16*t - 56. What is p(5)?
-26
Let p(c) = 52*c - 613. Calculate p(14).
115
Let w(u) = -u**2 + 18*u - 84. Determine w(12).
-12
Let v(m) = -4*m**2 + 121*m + 1015. Give v(37).
16
Let a(t) = 444*t - 1333. Give a(3).
-1
Let r(k) = -3*k**3 + 2*k**2 + 2*k - 1. Give r(-2).
27
Let x(d) = -36*d**2 - 121*d + 121. Give x(1).
-36
Let h(j) = j**2 - 19*j - 1893. Calculate h(54).
-3
Let t(i) = i**3 - 21*i**2 + 49*i + 121. Calculate t(21).
1150
Let c(n) = 21*n**2 + 569*n + 30. Calculate c(-27).
-24
Let g(c) = -507*c**2 - 15211*c - 18. Determine g(-30).
12
Let h(v) = 7792*v + 38999. What is h(-5)?
39
Let t(f) = f**3 + 48*f**2 - 122*f - 1111. Calculate t(-50).
-11
Let s(a) = 2*a**3 + 58*a**2 + 360*a + 7. Calculate s(-9).
7
Let c(o) = o**3 + 18*o**2 - 10*o + 46. Determine c(-18).
226
Let h(b) = b**3 + 2*b**2 + 6. Give h(5).
181
Let o(v) = 232*v - 1825. Give o(7).
-201
Let u(q) = -2*q**3 + 8*q**2 + 7*q + 14. Determine u(-3).
119
Let t(k) = 35*k + 5. What is t(-3)?
-100
Let v(o) = -o**3 - 10*o**2 - 9*o + 12. Determine v(-7).
-72
Let u(g) = 23*g - 52. Calculate u(-1).
-75
Let r(y) = y**3 - 17*y**2 - 101*y + 1044. What is r(19)?
-153
Let d(y) = y**3 + 15*y**2 - 34*y - 46. Give d(-17).
-46
Let b(s) = -87*s + 24. Determine b(-2).
198
Let k(o) = 2950*o - 47182. What is k(16)?
18
Let z(i) = 2*i**2 + 607*i - 3691. Give z(6).
23
Let z(a) = -6*a**2 - 316*a + 998. Determine z(3).
-4
Let a(c) = -197*c**2 - 3. What is a(1)?
-200
Let m(j) = 7*j**2 - 4*j - 14. Calculate m(-2).
22
Let x(m) = 7*m**3 + 4*m**2 - 9*m + 11. Give x(2).
65
Let w(q) = q**3 - 23*q**2 + 92*q - 29. Give w(18).
7
Let t(f) = f**3 + 8*f**2 - 5*f - 87. What is t(-6)?
15
Let h(i) = 5379*i - 37667. Determine h(7).
-14
Let v(f) = -102*f - 919. Calculate v(-9).
-1
Let z(j) = -193*j + 3504. Determine z(18).
30
Let m(y) = 2*y**2 + 99*y + 154. What is m(-41)?
-543
Let r(j) = 21*j - 89. Give r(7).
58
Let a(t) = 2*t**3 + 15*t**2 - 35*t - 301. Determine a(-7).
-7
Let y(z) = -3*z**2 + 142*z + 4760. Calculate y(70).
0
Let x(v) = -v**3 - 39*v**2 - 228*v - 140. Calculate x(-32).
-12
Let o(g) = 161*g - 551. What is o(3)?
-68
Let q(t) = 237*t - 3326. Give q(14).
-8
Let v(q) = q**2 + 110*q - 3381. Determine v(25).
-6
Let h(q) = -q**2 + 21*q - 28. Determine h(19).
10
Let p(l) = -l**3 + 25*l**2 - l - 20. Determine p(25).
-45
Let a(u) = -2*u**2 + 396*u - 6152. Determine a(181).
2
Let k(s) = -s**3 - 13*s**2 - 35*s - 11. Determine k(-6).
-53
Let i(j) = -j**2 - 81*j + 351. What is i(4)?
11
Let u(s) = -13*s**3 - 3*s**2 + 9*s + 10. Give u(4).
-834
Let y(n) = -2*n**3 - 5*n**2 + 157*n + 680. Determine y(-6).
-10
Let o(r) = -11*r + 6. Calculate o(-2).
28
Let r(f) = -85*f + 1961. What is r(23)?
6
Let m(s) = s**2 + 9*s + 28. Give m(-5).
8
Let o(g) = -3*g**3 + 97*g**2 - 471*g - 22. Determine o(6).
-4
Let p(t) = -t**2 + 17*t - 59. What is p(12)?
1
Let t(v) = -v**3 - 6*v**2 + 20*v - 37. Determine t(6).
-349
Let c(k) = -44*k + 397. Give c(6).
133
Let p(h) = 5*h**2 + 129*h + 399. What is p(-3)?
57
Let r(w) = -21*w**2 + 5398*w - 220. Determine r(257).
37
Let v(w) = -4*w**3 + 29*w**2 + 32*w - 63. Give v(8).
1
Let l(p) = 21*p**3 + 274*p**2 - p + 28. Determine l(-13).
210
Let w(y) = -6*y**3 - 349*y**2 - 58*y - 2. Determine w(-58).
-2
Let l(j) = 2*j**2 - 106*j - 1699. Determine l(64).
-291
Let j(d) = d**2 + 15*d + 35. What is j(-6)?
-19
Let f(d) = -2*d**3 - 64*d**2 - 93*d - 2978. Calculate f(-32).
-2
Let b(c) = 3*c**3 - 40*c**2 - 5*c - 324. Give b(14).
-2
Let x(g) = 7*g - 154. Give x(15).
-49
Let g(o) = o**2 - 52*o - 49. Calculate g(53).
4
Let f(w) = -8*w**2 - 147*w + 258. Determine f(-20).
-2
Let a(r) = r**3 - 26*r**2 + 129*r + 30. What is a(7)?
2
Let k(u) = 2*u**3 - 59*u**2 - 82*u - 342. Calculate k(31).
-1
Let x(